{"id":5583,"date":"2024-04-05T10:04:49","date_gmt":"2024-04-05T08:04:49","guid":{"rendered":"https:\/\/forma5.com\/proyectos\/cruz-roja\/"},"modified":"2025-03-14T13:27:36","modified_gmt":"2025-03-14T12:27:36","slug":"spanisches-rotes-kreuz","status":"publish","type":"proyectos","link":"https:\/\/forma5.com\/de\/projekte\/buros\/spanisches-rotes-kreuz\/","title":{"rendered":"Spanisches Rotes Kreuz"},"content":{"rendered":"<p>Projekt f\u00fcr die komplette Einrichtung der B\u00fcros des <strong>Spanischen Roten Kreuzes<\/strong> in V\u00e9lez-M\u00e1laga, ein Projekt des Architekturb\u00fcros \u201eEndosdedos\u201c.<\/p><p><strong>Innovativer und einzigartiger<\/strong> Raum, der mit M\u00f6beln in den Farben des Corporate Designs ausgestattet wurde. Die Kombination der Mehrzweckst\u00fchle Glove mit den flexiblen klappbaren <strong>Travel-Konferenztischen<\/strong> ist ein echtes Highlight im B\u00fcro. Dar\u00fcber hinaus sind die Arbeitsbereiche mit Serien wie <strong>Sentis, Logos, V30, Cappa und Almacenaje<\/strong> ausgestattet, die mit einem frischen Stil f\u00fcr ausgewogene <strong>Kompositionen sorge<\/strong>.<\/p>","protected":false},"featured_media":5584,"template":"","categoria-proyectos":[188,187],"class_list":["post-5583","proyectos","type-proyectos","status-publish","has-post-thumbnail","hentry","categoria-proyectos-portfolio-de","categoria-proyectos-buros"],"acf":[],"yoast_head":"<!-- This site is optimized with the Yoast SEO plugin v25.2 - https:\/\/yoast.com\/wordpress\/plugins\/seo\/ -->\n<title>\u25b6 Projekt B\u00fcro des Rotes Kreuz - Gruppe Forma 5<\/title>\n<meta name=\"description\" content=\"Entdecken Sie das B\u00fcrom\u00f6belprojekt des Roten Kreuzes. Funktionelle L\u00f6sungen nach Ma\u00df. Klicken Sie hier, um das ganze Projekt zu sehen!\" \/>\n<meta name=\"robots\" content=\"index, follow, max-snippet:-1, max-image-preview:large, max-video-preview:-1\" \/>\n<link rel=\"canonical\" href=\"https:\/\/forma5.com\/de\/projekte\/buros\/spanisches-rotes-kreuz\/\" \/>\n<meta property=\"og:locale\" content=\"de_DE\" \/>\n<meta property=\"og:type\" content=\"article\" \/>\n<meta property=\"og:title\" content=\"\u25b6 Projekt B\u00fcro des Rotes Kreuz - Gruppe Forma 5\" \/>\n<meta property=\"og:description\" content=\"Entdecken Sie das B\u00fcrom\u00f6belprojekt des Roten Kreuzes. Funktionelle L\u00f6sungen nach Ma\u00df. Klicken Sie hier, um das ganze Projekt zu sehen!\" \/>\n<meta property=\"og:url\" content=\"https:\/\/forma5.com\/de\/projekte\/buros\/spanisches-rotes-kreuz\/\" \/>\n<meta property=\"og:site_name\" content=\"Forma 5\" \/>\n<meta property=\"article:modified_time\" content=\"2025-03-14T12:27:36+00:00\" \/>\n<meta property=\"og:image\" content=\"https:\/\/forma5.com\/wp-content\/uploads\/cruz_roja.jpg\" \/>\n\t<meta property=\"og:image:width\" content=\"1500\" \/>\n\t<meta property=\"og:image:height\" content=\"853\" \/>\n\t<meta property=\"og:image:type\" content=\"image\/jpeg\" \/>\n<meta name=\"twitter:card\" content=\"summary_large_image\" \/>\n<meta name=\"twitter:label1\" content=\"Gesch\u00e4tzte Lesezeit\" \/>\n\t<meta name=\"twitter:data1\" content=\"1\u00a0Minute\" \/>\n<script type=\"application\/ld+json\" class=\"yoast-schema-graph\">{\"@context\":\"https:\/\/schema.org\",\"@graph\":[{\"@type\":\"WebPage\",\"@id\":\"https:\/\/forma5.com\/de\/projekte\/buros\/spanisches-rotes-kreuz\/\",\"url\":\"https:\/\/forma5.com\/de\/projekte\/buros\/spanisches-rotes-kreuz\/\",\"name\":\"\u25b6 Projekt B\u00fcro des Rotes Kreuz - Gruppe Forma 5\",\"isPartOf\":{\"@id\":\"https:\/\/forma5.com\/de\/#website\"},\"primaryImageOfPage\":{\"@id\":\"https:\/\/forma5.com\/de\/projekte\/buros\/spanisches-rotes-kreuz\/#primaryimage\"},\"image\":{\"@id\":\"https:\/\/forma5.com\/de\/projekte\/buros\/spanisches-rotes-kreuz\/#primaryimage\"},\"thumbnailUrl\":\"https:\/\/forma5.com\/wp-content\/uploads\/cruz_roja.jpg\",\"datePublished\":\"2024-04-05T08:04:49+00:00\",\"dateModified\":\"2025-03-14T12:27:36+00:00\",\"description\":\"Entdecken Sie das B\u00fcrom\u00f6belprojekt des Roten Kreuzes. Funktionelle L\u00f6sungen nach Ma\u00df. Klicken Sie hier, um das ganze Projekt zu sehen!\",\"breadcrumb\":{\"@id\":\"https:\/\/forma5.com\/de\/projekte\/buros\/spanisches-rotes-kreuz\/#breadcrumb\"},\"inLanguage\":\"de\",\"potentialAction\":[{\"@type\":\"ReadAction\",\"target\":[\"https:\/\/forma5.com\/de\/projekte\/buros\/spanisches-rotes-kreuz\/\"]}]},{\"@type\":\"ImageObject\",\"inLanguage\":\"de\",\"@id\":\"https:\/\/forma5.com\/de\/projekte\/buros\/spanisches-rotes-kreuz\/#primaryimage\",\"url\":\"https:\/\/forma5.com\/wp-content\/uploads\/cruz_roja.jpg\",\"contentUrl\":\"https:\/\/forma5.com\/wp-content\/uploads\/cruz_roja.jpg\",\"width\":1500,\"height\":853},{\"@type\":\"BreadcrumbList\",\"@id\":\"https:\/\/forma5.com\/de\/projekte\/buros\/spanisches-rotes-kreuz\/#breadcrumb\",\"itemListElement\":[{\"@type\":\"ListItem\",\"position\":1,\"name\":\"Portada\",\"item\":\"https:\/\/forma5.com\/de\/\"},{\"@type\":\"ListItem\",\"position\":2,\"name\":\"Spanisches Rotes Kreuz\"}]},{\"@type\":\"WebSite\",\"@id\":\"https:\/\/forma5.com\/de\/#website\",\"url\":\"https:\/\/forma5.com\/de\/\",\"name\":\"Forma 5\",\"description\":\"\",\"publisher\":{\"@id\":\"https:\/\/forma5.com\/de\/#organization\"},\"potentialAction\":[{\"@type\":\"SearchAction\",\"target\":{\"@type\":\"EntryPoint\",\"urlTemplate\":\"https:\/\/forma5.com\/de\/?s={search_term_string}\"},\"query-input\":{\"@type\":\"PropertyValueSpecification\",\"valueRequired\":true,\"valueName\":\"search_term_string\"}}],\"inLanguage\":\"de\"},{\"@type\":\"Organization\",\"@id\":\"https:\/\/forma5.com\/de\/#organization\",\"name\":\"Forma 5\",\"url\":\"https:\/\/forma5.com\/de\/\",\"logo\":{\"@type\":\"ImageObject\",\"inLanguage\":\"de\",\"@id\":\"https:\/\/forma5.com\/de\/#\/schema\/logo\/image\/\",\"url\":\"https:\/\/forma5.com\/wp-content\/uploads\/cropped-Logo-2D-Forma-5_BLACK.png\",\"contentUrl\":\"https:\/\/forma5.com\/wp-content\/uploads\/cropped-Logo-2D-Forma-5_BLACK.png\",\"width\":1129,\"height\":225,\"caption\":\"Forma 5\"},\"image\":{\"@id\":\"https:\/\/forma5.com\/de\/#\/schema\/logo\/image\/\"}}]}<\/script>\n<!-- \/ Yoast SEO plugin. -->","yoast_head_json":{"title":"\u25b6 Projekt B\u00fcro des Rotes Kreuz - Gruppe Forma 5","description":"Entdecken Sie das B\u00fcrom\u00f6belprojekt des Roten Kreuzes. Funktionelle L\u00f6sungen nach Ma\u00df. Klicken Sie hier, um das ganze Projekt zu sehen!","robots":{"index":"index","follow":"follow","max-snippet":"max-snippet:-1","max-image-preview":"max-image-preview:large","max-video-preview":"max-video-preview:-1"},"canonical":"https:\/\/forma5.com\/de\/projekte\/buros\/spanisches-rotes-kreuz\/","og_locale":"de_DE","og_type":"article","og_title":"\u25b6 Projekt B\u00fcro des Rotes Kreuz - Gruppe Forma 5","og_description":"Entdecken Sie das B\u00fcrom\u00f6belprojekt des Roten Kreuzes. Funktionelle L\u00f6sungen nach Ma\u00df. Klicken Sie hier, um das ganze Projekt zu sehen!","og_url":"https:\/\/forma5.com\/de\/projekte\/buros\/spanisches-rotes-kreuz\/","og_site_name":"Forma 5","article_modified_time":"2025-03-14T12:27:36+00:00","og_image":[{"width":1500,"height":853,"url":"https:\/\/forma5.com\/wp-content\/uploads\/cruz_roja.jpg","type":"image\/jpeg"}],"twitter_card":"summary_large_image","twitter_misc":{"Gesch\u00e4tzte Lesezeit":"1\u00a0Minute"},"schema":{"@context":"https:\/\/schema.org","@graph":[{"@type":"WebPage","@id":"https:\/\/forma5.com\/de\/projekte\/buros\/spanisches-rotes-kreuz\/","url":"https:\/\/forma5.com\/de\/projekte\/buros\/spanisches-rotes-kreuz\/","name":"\u25b6 Projekt B\u00fcro des Rotes Kreuz - Gruppe Forma 5","isPartOf":{"@id":"https:\/\/forma5.com\/de\/#website"},"primaryImageOfPage":{"@id":"https:\/\/forma5.com\/de\/projekte\/buros\/spanisches-rotes-kreuz\/#primaryimage"},"image":{"@id":"https:\/\/forma5.com\/de\/projekte\/buros\/spanisches-rotes-kreuz\/#primaryimage"},"thumbnailUrl":"https:\/\/forma5.com\/wp-content\/uploads\/cruz_roja.jpg","datePublished":"2024-04-05T08:04:49+00:00","dateModified":"2025-03-14T12:27:36+00:00","description":"Entdecken Sie das B\u00fcrom\u00f6belprojekt des Roten Kreuzes. Funktionelle L\u00f6sungen nach Ma\u00df. Klicken Sie hier, um das ganze Projekt zu sehen!","breadcrumb":{"@id":"https:\/\/forma5.com\/de\/projekte\/buros\/spanisches-rotes-kreuz\/#breadcrumb"},"inLanguage":"de","potentialAction":[{"@type":"ReadAction","target":["https:\/\/forma5.com\/de\/projekte\/buros\/spanisches-rotes-kreuz\/"]}]},{"@type":"ImageObject","inLanguage":"de","@id":"https:\/\/forma5.com\/de\/projekte\/buros\/spanisches-rotes-kreuz\/#primaryimage","url":"https:\/\/forma5.com\/wp-content\/uploads\/cruz_roja.jpg","contentUrl":"https:\/\/forma5.com\/wp-content\/uploads\/cruz_roja.jpg","width":1500,"height":853},{"@type":"BreadcrumbList","@id":"https:\/\/forma5.com\/de\/projekte\/buros\/spanisches-rotes-kreuz\/#breadcrumb","itemListElement":[{"@type":"ListItem","position":1,"name":"Portada","item":"https:\/\/forma5.com\/de\/"},{"@type":"ListItem","position":2,"name":"Spanisches Rotes Kreuz"}]},{"@type":"WebSite","@id":"https:\/\/forma5.com\/de\/#website","url":"https:\/\/forma5.com\/de\/","name":"Forma 5","description":"","publisher":{"@id":"https:\/\/forma5.com\/de\/#organization"},"potentialAction":[{"@type":"SearchAction","target":{"@type":"EntryPoint","urlTemplate":"https:\/\/forma5.com\/de\/?s={search_term_string}"},"query-input":{"@type":"PropertyValueSpecification","valueRequired":true,"valueName":"search_term_string"}}],"inLanguage":"de"},{"@type":"Organization","@id":"https:\/\/forma5.com\/de\/#organization","name":"Forma 5","url":"https:\/\/forma5.com\/de\/","logo":{"@type":"ImageObject","inLanguage":"de","@id":"https:\/\/forma5.com\/de\/#\/schema\/logo\/image\/","url":"https:\/\/forma5.com\/wp-content\/uploads\/cropped-Logo-2D-Forma-5_BLACK.png","contentUrl":"https:\/\/forma5.com\/wp-content\/uploads\/cropped-Logo-2D-Forma-5_BLACK.png","width":1129,"height":225,"caption":"Forma 5"},"image":{"@id":"https:\/\/forma5.com\/de\/#\/schema\/logo\/image\/"}}]}},"_links":{"self":[{"href":"https:\/\/forma5.com\/de\/wp-json\/wp\/v2\/proyectos\/5583","targetHints":{"allow":["GET"]}}],"collection":[{"href":"https:\/\/forma5.com\/de\/wp-json\/wp\/v2\/proyectos"}],"about":[{"href":"https:\/\/forma5.com\/de\/wp-json\/wp\/v2\/types\/proyectos"}],"wp:featuredmedia":[{"embeddable":true,"href":"https:\/\/forma5.com\/de\/wp-json\/wp\/v2\/media\/5584"}],"wp:attachment":[{"href":"https:\/\/forma5.com\/de\/wp-json\/wp\/v2\/media?parent=5583"}],"wp:term":[{"taxonomy":"categoria-proyectos","embeddable":true,"href":"https:\/\/forma5.com\/de\/wp-json\/wp\/v2\/categoria-proyectos?post=5583"}],"curies":[{"name":"wp","href":"https:\/\/api.w.org\/{rel}","templated":true}]}}

<p>Projekt für die komplette Einrichtung der Büros des <strong>Spanischen Roten Kreuzes</strong> in Vélez-Málaga, ein Projekt des Architekturbüros „Endosdedos“.</p><p><strong>Innovativer und einzigartiger</strong> Raum, der mit Möbeln in den Farben des Corporate Designs ausgestattet wurde. Die Kombination der Mehrzweckstühle Glove mit den flexiblen klappbaren <strong>Travel-Konferenztischen</strong> ist ein echtes Highlight im Büro. Darüber hinaus sind die Arbeitsbereiche mit Serien wie <strong>Sentis, Logos, V30, Cappa und Almacenaje</strong> ausgestattet, die mit einem frischen Stil für ausgewogene <strong>Kompositionen sorge</strong>.</p>

<!-- This site is optimized with the Yoast SEO plugin v25.2 - https://yoast.com/wordpress/plugins/seo/ -->
<title>▶ Projekt Büro des Rotes Kreuz - Gruppe Forma 5</title>
<meta name="description" content="Entdecken Sie das Büromöbelprojekt des Roten Kreuzes. Funktionelle Lösungen nach Maß. Klicken Sie hier, um das ganze Projekt zu sehen!" />
<meta name="robots" content="index, follow, max-snippet:-1, max-image-preview:large, max-video-preview:-1" />
<link rel="canonical" href="https://forma5.com/de/projekte/buros/spanisches-rotes-kreuz/" />
<meta property="og:locale" content="de_DE" />
<meta property="og:type" content="article" />
<meta property="og:title" content="▶ Projekt Büro des Rotes Kreuz - Gruppe Forma 5" />
<meta property="og:description" content="Entdecken Sie das Büromöbelprojekt des Roten Kreuzes. Funktionelle Lösungen nach Maß. Klicken Sie hier, um das ganze Projekt zu sehen!" />
<meta property="og:url" content="https://forma5.com/de/projekte/buros/spanisches-rotes-kreuz/" />
<meta property="og:site_name" content="Forma 5" />
<meta property="article:modified_time" content="2025-03-14T12:27:36+00:00" />
<meta property="og:image" content="https://forma5.com/wp-content/uploads/cruz_roja.jpg" />
	<meta property="og:image:width" content="1500" />
	<meta property="og:image:height" content="853" />
	<meta property="og:image:type" content="image/jpeg" />
<meta name="twitter:card" content="summary_large_image" />
<meta name="twitter:label1" content="Geschätzte Lesezeit" />
	<meta name="twitter:data1" content="1 Minute" />
<script type="application/ld+json" class="yoast-schema-graph">{"@context":"https://schema.org","@graph":[{"@type":"WebPage","@id":"https://forma5.com/de/projekte/buros/spanisches-rotes-kreuz/","url":"https://forma5.com/de/projekte/buros/spanisches-rotes-kreuz/","name":"▶ Projekt Büro des Rotes Kreuz - Gruppe Forma 5","isPartOf":{"@id":"https://forma5.com/de/#website"},"primaryImageOfPage":{"@id":"https://forma5.com/de/projekte/buros/spanisches-rotes-kreuz/#primaryimage"},"image":{"@id":"https://forma5.com/de/projekte/buros/spanisches-rotes-kreuz/#primaryimage"},"thumbnailUrl":"https://forma5.com/wp-content/uploads/cruz_roja.jpg","datePublished":"2024-04-05T08:04:49+00:00","dateModified":"2025-03-14T12:27:36+00:00","description":"Entdecken Sie das Büromöbelprojekt des Roten Kreuzes. Funktionelle Lösungen nach Maß. Klicken Sie hier, um das ganze Projekt zu sehen!","breadcrumb":{"@id":"https://forma5.com/de/projekte/buros/spanisches-rotes-kreuz/#breadcrumb"},"inLanguage":"de","potentialAction":[{"@type":"ReadAction","target":["https://forma5.com/de/projekte/buros/spanisches-rotes-kreuz/"]}]},{"@type":"ImageObject","inLanguage":"de","@id":"https://forma5.com/de/projekte/buros/spanisches-rotes-kreuz/#primaryimage","url":"https://forma5.com/wp-content/uploads/cruz_roja.jpg","contentUrl":"https://forma5.com/wp-content/uploads/cruz_roja.jpg","width":1500,"height":853},{"@type":"BreadcrumbList","@id":"https://forma5.com/de/projekte/buros/spanisches-rotes-kreuz/#breadcrumb","itemListElement":[{"@type":"ListItem","position":1,"name":"Portada","item":"https://forma5.com/de/"},{"@type":"ListItem","position":2,"name":"Spanisches Rotes Kreuz"}]},{"@type":"WebSite","@id":"https://forma5.com/de/#website","url":"https://forma5.com/de/","name":"Forma 5","description":"","publisher":{"@id":"https://forma5.com/de/#organization"},"potentialAction":[{"@type":"SearchAction","target":{"@type":"EntryPoint","urlTemplate":"https://forma5.com/de/?s={search_term_string}"},"query-input":{"@type":"PropertyValueSpecification","valueRequired":true,"valueName":"search_term_string"}}],"inLanguage":"de"},{"@type":"Organization","@id":"https://forma5.com/de/#organization","name":"Forma 5","url":"https://forma5.com/de/","logo":{"@type":"ImageObject","inLanguage":"de","@id":"https://forma5.com/de/#/schema/logo/image/","url":"https://forma5.com/wp-content/uploads/cropped-Logo-2D-Forma-5_BLACK.png","contentUrl":"https://forma5.com/wp-content/uploads/cropped-Logo-2D-Forma-5_BLACK.png","width":1129,"height":225,"caption":"Forma 5"},"image":{"@id":"https://forma5.com/de/#/schema/logo/image/"}}]}</script>
<!-- / Yoast SEO plugin. -->

▶ Projekt Büro des Rotes Kreuz - Gruppe Forma 5

Entdecken Sie das Büromöbelprojekt des Roten Kreuzes. Funktionelle Lösungen nach Maß. Klicken Sie hier, um das ganze Projekt zu sehen!
