{"id":10914,"date":"2026-04-30T16:13:29","date_gmt":"2026-04-30T14:13:29","guid":{"rendered":"https:\/\/forma5.com\/?post_type=proyectos&#038;p=10914"},"modified":"2026-04-30T16:13:34","modified_gmt":"2026-04-30T14:13:34","slug":"unicaja","status":"publish","type":"proyectos","link":"https:\/\/forma5.com\/fr\/proyectos\/unicaja\/","title":{"rendered":"Unicaja"},"content":{"rendered":"<p>Las nuevas instalaciones de <strong>Unicaja en M\u00e1laga<\/strong> han sido concebidas como un espacio de trabajo <strong>contempor\u00e1neo, eficiente y alineado con los nuevos modelos organizativos del sector financiero<\/strong>. El proyecto apuesta por un entorno funcional y representativo que refleja los valores de cercan\u00eda, innovaci\u00f3n y solidez de la entidad, integrando soluciones de mobiliario que favorecen tanto la productividad como la experiencia del usuario.<\/p><p>El espacio se organiza en distintas \u00e1reas dise\u00f1adas para responder a las din\u00e1micas actuales del trabajo. En la zona de recepci\u00f3n y atenci\u00f3n a visitas, los sistemas <a href=\"https:\/\/forma5.com\/sillas\/silla-confidente\/silla-oficina-plural\/\">Plural<\/a>, <a href=\"https:\/\/forma5.com\/producto\/m-next\/\">M-Next<\/a> y <a href=\"https:\/\/forma5.com\/sillas\/oficina-ergonomica\/tapizada-eben\/\">Eben<\/a> configuran un entorno acogedor y profesional, complementado con confidentes que facilitan la interacci\u00f3n c\u00f3moda y cercana con el cliente. Para las salas de reuniones, se han seleccionado mesas <a href=\"https:\/\/forma5.com\/mesas-oficina\/escritorio\/blanco-m10\/\">M10<\/a> y Plural, que aportan versatilidad y una est\u00e9tica cuidada, favoreciendo tanto encuentros formales como sesiones colaborativas. Por su parte, los despachos privados se han equipado con puestos <a href=\"https:\/\/forma5.com\/mesas-oficina\/escritorio\/v30\/\">V30<\/a>, garantizando un equilibrio entre funcionalidad, ergonom\u00eda y representatividad.<\/p><p><\/p>","protected":false},"featured_media":10871,"template":"","categoria-proyectos":[140,141],"class_list":["post-10914","proyectos","type-proyectos","status-publish","has-post-thumbnail","hentry","categoria-proyectos-bureaux","categoria-proyectos-portfolio-fr"],"acf":[],"yoast_head":"<!-- This site is optimized with the Yoast SEO plugin v25.2 - https:\/\/yoast.com\/wordpress\/plugins\/seo\/ -->\n<title>\u25b6 Projet de mobilier de bureau : Unicaja - Forma 5<\/title>\n<meta name=\"description\" content=\"Nouveau si\u00e8ge d\u2019Unicaja \u00e0 M\u00e1laga : des bureaux modernes et durables avec du mobilier innovant de Forma 5 (Plural, M-Next, Eben, etc.).\" \/>\n<meta name=\"robots\" content=\"index, follow, max-snippet:-1, max-image-preview:large, max-video-preview:-1\" \/>\n<link rel=\"canonical\" href=\"https:\/\/forma5.com\/fr\/proyectos\/unicaja\/\" \/>\n<meta property=\"og:locale\" content=\"fr_FR\" \/>\n<meta property=\"og:type\" content=\"article\" \/>\n<meta property=\"og:title\" content=\"\u25b6 Projet de mobilier de bureau : Unicaja - Forma 5\" \/>\n<meta property=\"og:description\" content=\"Nouveau si\u00e8ge d\u2019Unicaja \u00e0 M\u00e1laga : des bureaux modernes et durables avec du mobilier innovant de Forma 5 (Plural, M-Next, Eben, etc.).\" \/>\n<meta property=\"og:url\" content=\"https:\/\/forma5.com\/fr\/proyectos\/unicaja\/\" \/>\n<meta property=\"og:site_name\" content=\"Forma 5\" \/>\n<meta property=\"article:modified_time\" content=\"2026-04-30T14:13:34+00:00\" \/>\n<meta property=\"og:image\" content=\"https:\/\/forma5.com\/wp-content\/uploads\/Forma-5-Unicaja-029-scaled.jpg\" \/>\n\t<meta property=\"og:image:width\" content=\"2560\" \/>\n\t<meta property=\"og:image:height\" content=\"1707\" \/>\n\t<meta property=\"og:image:type\" content=\"image\/jpeg\" \/>\n<meta name=\"twitter:card\" content=\"summary_large_image\" \/>\n<meta name=\"twitter:label1\" content=\"Dur\u00e9e de lecture estim\u00e9e\" \/>\n\t<meta name=\"twitter:data1\" content=\"1 minute\" \/>\n<script type=\"application\/ld+json\" class=\"yoast-schema-graph\">{\"@context\":\"https:\/\/schema.org\",\"@graph\":[{\"@type\":\"WebPage\",\"@id\":\"https:\/\/forma5.com\/fr\/proyectos\/unicaja\/\",\"url\":\"https:\/\/forma5.com\/fr\/proyectos\/unicaja\/\",\"name\":\"\u25b6 Projet de mobilier de bureau : Unicaja - Forma 5\",\"isPartOf\":{\"@id\":\"https:\/\/forma5.com\/fr\/#website\"},\"primaryImageOfPage\":{\"@id\":\"https:\/\/forma5.com\/fr\/proyectos\/unicaja\/#primaryimage\"},\"image\":{\"@id\":\"https:\/\/forma5.com\/fr\/proyectos\/unicaja\/#primaryimage\"},\"thumbnailUrl\":\"https:\/\/forma5.com\/wp-content\/uploads\/Forma-5-Unicaja-029-scaled.jpg\",\"datePublished\":\"2026-04-30T14:13:29+00:00\",\"dateModified\":\"2026-04-30T14:13:34+00:00\",\"description\":\"Nouveau si\u00e8ge d\u2019Unicaja \u00e0 M\u00e1laga : des bureaux modernes et durables avec du mobilier innovant de Forma 5 (Plural, M-Next, Eben, etc.).\",\"breadcrumb\":{\"@id\":\"https:\/\/forma5.com\/fr\/proyectos\/unicaja\/#breadcrumb\"},\"inLanguage\":\"fr-FR\",\"potentialAction\":[{\"@type\":\"ReadAction\",\"target\":[\"https:\/\/forma5.com\/fr\/proyectos\/unicaja\/\"]}]},{\"@type\":\"ImageObject\",\"inLanguage\":\"fr-FR\",\"@id\":\"https:\/\/forma5.com\/fr\/proyectos\/unicaja\/#primaryimage\",\"url\":\"https:\/\/forma5.com\/wp-content\/uploads\/Forma-5-Unicaja-029-scaled.jpg\",\"contentUrl\":\"https:\/\/forma5.com\/wp-content\/uploads\/Forma-5-Unicaja-029-scaled.jpg\",\"width\":2560,\"height\":1707},{\"@type\":\"BreadcrumbList\",\"@id\":\"https:\/\/forma5.com\/fr\/proyectos\/unicaja\/#breadcrumb\",\"itemListElement\":[{\"@type\":\"ListItem\",\"position\":1,\"name\":\"Portada\",\"item\":\"https:\/\/forma5.com\/fr\/\"},{\"@type\":\"ListItem\",\"position\":2,\"name\":\"Unicaja\"}]},{\"@type\":\"WebSite\",\"@id\":\"https:\/\/forma5.com\/fr\/#website\",\"url\":\"https:\/\/forma5.com\/fr\/\",\"name\":\"Forma 5\",\"description\":\"\",\"publisher\":{\"@id\":\"https:\/\/forma5.com\/fr\/#organization\"},\"potentialAction\":[{\"@type\":\"SearchAction\",\"target\":{\"@type\":\"EntryPoint\",\"urlTemplate\":\"https:\/\/forma5.com\/fr\/?s={search_term_string}\"},\"query-input\":{\"@type\":\"PropertyValueSpecification\",\"valueRequired\":true,\"valueName\":\"search_term_string\"}}],\"inLanguage\":\"fr-FR\"},{\"@type\":\"Organization\",\"@id\":\"https:\/\/forma5.com\/fr\/#organization\",\"name\":\"Forma 5\",\"url\":\"https:\/\/forma5.com\/fr\/\",\"logo\":{\"@type\":\"ImageObject\",\"inLanguage\":\"fr-FR\",\"@id\":\"https:\/\/forma5.com\/fr\/#\/schema\/logo\/image\/\",\"url\":\"https:\/\/forma5.com\/wp-content\/uploads\/cropped-Logo-2D-Forma-5_BLACK.png\",\"contentUrl\":\"https:\/\/forma5.com\/wp-content\/uploads\/cropped-Logo-2D-Forma-5_BLACK.png\",\"width\":1129,\"height\":225,\"caption\":\"Forma 5\"},\"image\":{\"@id\":\"https:\/\/forma5.com\/fr\/#\/schema\/logo\/image\/\"}}]}<\/script>\n<!-- \/ Yoast SEO plugin. -->","yoast_head_json":{"title":"\u25b6 Projet de mobilier de bureau : Unicaja - Forma 5","description":"Nouveau si\u00e8ge d\u2019Unicaja \u00e0 M\u00e1laga : des bureaux modernes et durables avec du mobilier innovant de Forma 5 (Plural, M-Next, Eben, etc.).","robots":{"index":"index","follow":"follow","max-snippet":"max-snippet:-1","max-image-preview":"max-image-preview:large","max-video-preview":"max-video-preview:-1"},"canonical":"https:\/\/forma5.com\/fr\/proyectos\/unicaja\/","og_locale":"fr_FR","og_type":"article","og_title":"\u25b6 Projet de mobilier de bureau : Unicaja - Forma 5","og_description":"Nouveau si\u00e8ge d\u2019Unicaja \u00e0 M\u00e1laga : des bureaux modernes et durables avec du mobilier innovant de Forma 5 (Plural, M-Next, Eben, etc.).","og_url":"https:\/\/forma5.com\/fr\/proyectos\/unicaja\/","og_site_name":"Forma 5","article_modified_time":"2026-04-30T14:13:34+00:00","og_image":[{"width":2560,"height":1707,"url":"https:\/\/forma5.com\/wp-content\/uploads\/Forma-5-Unicaja-029-scaled.jpg","type":"image\/jpeg"}],"twitter_card":"summary_large_image","twitter_misc":{"Dur\u00e9e de lecture estim\u00e9e":"1 minute"},"schema":{"@context":"https:\/\/schema.org","@graph":[{"@type":"WebPage","@id":"https:\/\/forma5.com\/fr\/proyectos\/unicaja\/","url":"https:\/\/forma5.com\/fr\/proyectos\/unicaja\/","name":"\u25b6 Projet de mobilier de bureau : Unicaja - Forma 5","isPartOf":{"@id":"https:\/\/forma5.com\/fr\/#website"},"primaryImageOfPage":{"@id":"https:\/\/forma5.com\/fr\/proyectos\/unicaja\/#primaryimage"},"image":{"@id":"https:\/\/forma5.com\/fr\/proyectos\/unicaja\/#primaryimage"},"thumbnailUrl":"https:\/\/forma5.com\/wp-content\/uploads\/Forma-5-Unicaja-029-scaled.jpg","datePublished":"2026-04-30T14:13:29+00:00","dateModified":"2026-04-30T14:13:34+00:00","description":"Nouveau si\u00e8ge d\u2019Unicaja \u00e0 M\u00e1laga : des bureaux modernes et durables avec du mobilier innovant de Forma 5 (Plural, M-Next, Eben, etc.).","breadcrumb":{"@id":"https:\/\/forma5.com\/fr\/proyectos\/unicaja\/#breadcrumb"},"inLanguage":"fr-FR","potentialAction":[{"@type":"ReadAction","target":["https:\/\/forma5.com\/fr\/proyectos\/unicaja\/"]}]},{"@type":"ImageObject","inLanguage":"fr-FR","@id":"https:\/\/forma5.com\/fr\/proyectos\/unicaja\/#primaryimage","url":"https:\/\/forma5.com\/wp-content\/uploads\/Forma-5-Unicaja-029-scaled.jpg","contentUrl":"https:\/\/forma5.com\/wp-content\/uploads\/Forma-5-Unicaja-029-scaled.jpg","width":2560,"height":1707},{"@type":"BreadcrumbList","@id":"https:\/\/forma5.com\/fr\/proyectos\/unicaja\/#breadcrumb","itemListElement":[{"@type":"ListItem","position":1,"name":"Portada","item":"https:\/\/forma5.com\/fr\/"},{"@type":"ListItem","position":2,"name":"Unicaja"}]},{"@type":"WebSite","@id":"https:\/\/forma5.com\/fr\/#website","url":"https:\/\/forma5.com\/fr\/","name":"Forma 5","description":"","publisher":{"@id":"https:\/\/forma5.com\/fr\/#organization"},"potentialAction":[{"@type":"SearchAction","target":{"@type":"EntryPoint","urlTemplate":"https:\/\/forma5.com\/fr\/?s={search_term_string}"},"query-input":{"@type":"PropertyValueSpecification","valueRequired":true,"valueName":"search_term_string"}}],"inLanguage":"fr-FR"},{"@type":"Organization","@id":"https:\/\/forma5.com\/fr\/#organization","name":"Forma 5","url":"https:\/\/forma5.com\/fr\/","logo":{"@type":"ImageObject","inLanguage":"fr-FR","@id":"https:\/\/forma5.com\/fr\/#\/schema\/logo\/image\/","url":"https:\/\/forma5.com\/wp-content\/uploads\/cropped-Logo-2D-Forma-5_BLACK.png","contentUrl":"https:\/\/forma5.com\/wp-content\/uploads\/cropped-Logo-2D-Forma-5_BLACK.png","width":1129,"height":225,"caption":"Forma 5"},"image":{"@id":"https:\/\/forma5.com\/fr\/#\/schema\/logo\/image\/"}}]}},"_links":{"self":[{"href":"https:\/\/forma5.com\/fr\/wp-json\/wp\/v2\/proyectos\/10914","targetHints":{"allow":["GET"]}}],"collection":[{"href":"https:\/\/forma5.com\/fr\/wp-json\/wp\/v2\/proyectos"}],"about":[{"href":"https:\/\/forma5.com\/fr\/wp-json\/wp\/v2\/types\/proyectos"}],"wp:featuredmedia":[{"embeddable":true,"href":"https:\/\/forma5.com\/fr\/wp-json\/wp\/v2\/media\/10871"}],"wp:attachment":[{"href":"https:\/\/forma5.com\/fr\/wp-json\/wp\/v2\/media?parent=10914"}],"wp:term":[{"taxonomy":"categoria-proyectos","embeddable":true,"href":"https:\/\/forma5.com\/fr\/wp-json\/wp\/v2\/categoria-proyectos?post=10914"}],"curies":[{"name":"wp","href":"https:\/\/api.w.org\/{rel}","templated":true}]}}

<p>Las nuevas instalaciones de <strong>Unicaja en Málaga</strong> han sido concebidas como un espacio de trabajo <strong>contemporáneo, eficiente y alineado con los nuevos modelos organizativos del sector financiero</strong>. El proyecto apuesta por un entorno funcional y representativo que refleja los valores de cercanía, innovación y solidez de la entidad, integrando soluciones de mobiliario que favorecen tanto la productividad como la experiencia del usuario.</p><p>El espacio se organiza en distintas áreas diseñadas para responder a las dinámicas actuales del trabajo. En la zona de recepción y atención a visitas, los sistemas <a href="https://forma5.com/sillas/silla-confidente/silla-oficina-plural/">Plural</a>, <a href="https://forma5.com/producto/m-next/">M-Next</a> y <a href="https://forma5.com/sillas/oficina-ergonomica/tapizada-eben/">Eben</a> configuran un entorno acogedor y profesional, complementado con confidentes que facilitan la interacción cómoda y cercana con el cliente. Para las salas de reuniones, se han seleccionado mesas <a href="https://forma5.com/mesas-oficina/escritorio/blanco-m10/">M10</a> y Plural, que aportan versatilidad y una estética cuidada, favoreciendo tanto encuentros formales como sesiones colaborativas. Por su parte, los despachos privados se han equipado con puestos <a href="https://forma5.com/mesas-oficina/escritorio/v30/">V30</a>, garantizando un equilibrio entre funcionalidad, ergonomía y representatividad.</p><p></p>

<!-- This site is optimized with the Yoast SEO plugin v25.2 - https://yoast.com/wordpress/plugins/seo/ -->
<title>▶ Projet de mobilier de bureau : Unicaja - Forma 5</title>
<meta name="description" content="Nouveau siège d’Unicaja à Málaga : des bureaux modernes et durables avec du mobilier innovant de Forma 5 (Plural, M-Next, Eben, etc.)." />
<meta name="robots" content="index, follow, max-snippet:-1, max-image-preview:large, max-video-preview:-1" />
<link rel="canonical" href="https://forma5.com/fr/proyectos/unicaja/" />
<meta property="og:locale" content="fr_FR" />
<meta property="og:type" content="article" />
<meta property="og:title" content="▶ Projet de mobilier de bureau : Unicaja - Forma 5" />
<meta property="og:description" content="Nouveau siège d’Unicaja à Málaga : des bureaux modernes et durables avec du mobilier innovant de Forma 5 (Plural, M-Next, Eben, etc.)." />
<meta property="og:url" content="https://forma5.com/fr/proyectos/unicaja/" />
<meta property="og:site_name" content="Forma 5" />
<meta property="article:modified_time" content="2026-04-30T14:13:34+00:00" />
<meta property="og:image" content="https://forma5.com/wp-content/uploads/Forma-5-Unicaja-029-scaled.jpg" />
	<meta property="og:image:width" content="2560" />
	<meta property="og:image:height" content="1707" />
	<meta property="og:image:type" content="image/jpeg" />
<meta name="twitter:card" content="summary_large_image" />
<meta name="twitter:label1" content="Durée de lecture estimée" />
	<meta name="twitter:data1" content="1 minute" />
<script type="application/ld+json" class="yoast-schema-graph">{"@context":"https://schema.org","@graph":[{"@type":"WebPage","@id":"https://forma5.com/fr/proyectos/unicaja/","url":"https://forma5.com/fr/proyectos/unicaja/","name":"▶ Projet de mobilier de bureau : Unicaja - Forma 5","isPartOf":{"@id":"https://forma5.com/fr/#website"},"primaryImageOfPage":{"@id":"https://forma5.com/fr/proyectos/unicaja/#primaryimage"},"image":{"@id":"https://forma5.com/fr/proyectos/unicaja/#primaryimage"},"thumbnailUrl":"https://forma5.com/wp-content/uploads/Forma-5-Unicaja-029-scaled.jpg","datePublished":"2026-04-30T14:13:29+00:00","dateModified":"2026-04-30T14:13:34+00:00","description":"Nouveau siège d’Unicaja à Málaga : des bureaux modernes et durables avec du mobilier innovant de Forma 5 (Plural, M-Next, Eben, etc.).","breadcrumb":{"@id":"https://forma5.com/fr/proyectos/unicaja/#breadcrumb"},"inLanguage":"fr-FR","potentialAction":[{"@type":"ReadAction","target":["https://forma5.com/fr/proyectos/unicaja/"]}]},{"@type":"ImageObject","inLanguage":"fr-FR","@id":"https://forma5.com/fr/proyectos/unicaja/#primaryimage","url":"https://forma5.com/wp-content/uploads/Forma-5-Unicaja-029-scaled.jpg","contentUrl":"https://forma5.com/wp-content/uploads/Forma-5-Unicaja-029-scaled.jpg","width":2560,"height":1707},{"@type":"BreadcrumbList","@id":"https://forma5.com/fr/proyectos/unicaja/#breadcrumb","itemListElement":[{"@type":"ListItem","position":1,"name":"Portada","item":"https://forma5.com/fr/"},{"@type":"ListItem","position":2,"name":"Unicaja"}]},{"@type":"WebSite","@id":"https://forma5.com/fr/#website","url":"https://forma5.com/fr/","name":"Forma 5","description":"","publisher":{"@id":"https://forma5.com/fr/#organization"},"potentialAction":[{"@type":"SearchAction","target":{"@type":"EntryPoint","urlTemplate":"https://forma5.com/fr/?s={search_term_string}"},"query-input":{"@type":"PropertyValueSpecification","valueRequired":true,"valueName":"search_term_string"}}],"inLanguage":"fr-FR"},{"@type":"Organization","@id":"https://forma5.com/fr/#organization","name":"Forma 5","url":"https://forma5.com/fr/","logo":{"@type":"ImageObject","inLanguage":"fr-FR","@id":"https://forma5.com/fr/#/schema/logo/image/","url":"https://forma5.com/wp-content/uploads/cropped-Logo-2D-Forma-5_BLACK.png","contentUrl":"https://forma5.com/wp-content/uploads/cropped-Logo-2D-Forma-5_BLACK.png","width":1129,"height":225,"caption":"Forma 5"},"image":{"@id":"https://forma5.com/fr/#/schema/logo/image/"}}]}</script>
<!-- / Yoast SEO plugin. -->

Nouveau siège d’Unicaja à Málaga : des bureaux modernes et durables avec du mobilier innovant de Forma 5 (Plural, M-Next, Eben, etc.).
