{"id":4872,"date":"2024-04-05T10:04:49","date_gmt":"2024-04-05T08:04:49","guid":{"rendered":"https:\/\/forma5.com\/proyectos\/cruz-roja\/"},"modified":"2025-02-24T17:47:15","modified_gmt":"2025-02-24T16:47:15","slug":"croix-rouge","status":"publish","type":"proyectos","link":"https:\/\/forma5.com\/fr\/projects\/bureaux\/croix-rouge\/","title":{"rendered":"Croix Rouge"},"content":{"rendered":"<p>Projet d\u2019am\u00e9nagement complet des bureaux de <strong>La Croix Rouge<\/strong> \u00e0 V\u00e9lez (M\u00e1laga) en mobilier Forma 5, de la main du cabinet d\u2019architecture \u00ab Endosdedos \u00bb.<\/p><p>Un <strong>nouvel<\/strong> espace con\u00e7u en <strong>reprenant la colorim\u00e9trie du logo de La Croix Rouge<\/strong>. Les chaises de collectivit\u00e9 Glove r\u00e9pondent au besoin de flexibilit\u00e9 des espaces am\u00e9nag\u00e9s avec les <strong>tables abattables<\/strong> Travel. Logos, Sentis, V30, Cappa, et les Rangements, composent des ensemblesharmonieux, lumineux et dynamisants.<\/p>","protected":false},"featured_media":4873,"template":"","categoria-proyectos":[140,141],"class_list":["post-4872","proyectos","type-proyectos","status-publish","has-post-thumbnail","hentry","categoria-proyectos-bureaux","categoria-proyectos-portfolio-fr"],"acf":[],"yoast_head":"<!-- This site is optimized with the Yoast SEO plugin v25.2 - https:\/\/yoast.com\/wordpress\/plugins\/seo\/ -->\n<title>\u25b6 Projet de bureau de la Croix-Rouge - Groupe Forma 5<\/title>\n<meta name=\"description\" content=\"D\u00e9couvrez le projet de mobilier de bureau de la Croix-Rouge. Des solutions fonctionnelles et sur mesure. Cliquez ici pour voir le projet complet !\" \/>\n<meta name=\"robots\" content=\"index, follow, max-snippet:-1, max-image-preview:large, max-video-preview:-1\" \/>\n<link rel=\"canonical\" href=\"https:\/\/forma5.com\/fr\/projects\/bureaux\/croix-rouge\/\" \/>\n<meta property=\"og:locale\" content=\"fr_FR\" \/>\n<meta property=\"og:type\" content=\"article\" \/>\n<meta property=\"og:title\" content=\"\u25b6 Projet de bureau de la Croix-Rouge - Groupe Forma 5\" \/>\n<meta property=\"og:description\" content=\"D\u00e9couvrez le projet de mobilier de bureau de la Croix-Rouge. Des solutions fonctionnelles et sur mesure. Cliquez ici pour voir le projet complet !\" \/>\n<meta property=\"og:url\" content=\"https:\/\/forma5.com\/fr\/projects\/bureaux\/croix-rouge\/\" \/>\n<meta property=\"og:site_name\" content=\"Forma 5\" \/>\n<meta property=\"article:modified_time\" content=\"2025-02-24T16:47:15+00:00\" \/>\n<meta property=\"og:image\" content=\"https:\/\/forma5.com\/wp-content\/uploads\/cruz_roja.jpg\" \/>\n\t<meta property=\"og:image:width\" content=\"1500\" \/>\n\t<meta property=\"og:image:height\" content=\"853\" \/>\n\t<meta property=\"og:image:type\" content=\"image\/jpeg\" \/>\n<meta name=\"twitter:card\" content=\"summary_large_image\" \/>\n<meta name=\"twitter:label1\" content=\"Dur\u00e9e de lecture estim\u00e9e\" \/>\n\t<meta name=\"twitter:data1\" content=\"1 minute\" \/>\n<script type=\"application\/ld+json\" class=\"yoast-schema-graph\">{\"@context\":\"https:\/\/schema.org\",\"@graph\":[{\"@type\":\"WebPage\",\"@id\":\"https:\/\/forma5.com\/fr\/projects\/bureaux\/croix-rouge\/\",\"url\":\"https:\/\/forma5.com\/fr\/projects\/bureaux\/croix-rouge\/\",\"name\":\"\u25b6 Projet de bureau de la Croix-Rouge - Groupe Forma 5\",\"isPartOf\":{\"@id\":\"https:\/\/forma5.com\/fr\/#website\"},\"primaryImageOfPage\":{\"@id\":\"https:\/\/forma5.com\/fr\/projects\/bureaux\/croix-rouge\/#primaryimage\"},\"image\":{\"@id\":\"https:\/\/forma5.com\/fr\/projects\/bureaux\/croix-rouge\/#primaryimage\"},\"thumbnailUrl\":\"https:\/\/forma5.com\/wp-content\/uploads\/cruz_roja.jpg\",\"datePublished\":\"2024-04-05T08:04:49+00:00\",\"dateModified\":\"2025-02-24T16:47:15+00:00\",\"description\":\"D\u00e9couvrez le projet de mobilier de bureau de la Croix-Rouge. Des solutions fonctionnelles et sur mesure. Cliquez ici pour voir le projet complet !\",\"breadcrumb\":{\"@id\":\"https:\/\/forma5.com\/fr\/projects\/bureaux\/croix-rouge\/#breadcrumb\"},\"inLanguage\":\"fr-FR\",\"potentialAction\":[{\"@type\":\"ReadAction\",\"target\":[\"https:\/\/forma5.com\/fr\/projects\/bureaux\/croix-rouge\/\"]}]},{\"@type\":\"ImageObject\",\"inLanguage\":\"fr-FR\",\"@id\":\"https:\/\/forma5.com\/fr\/projects\/bureaux\/croix-rouge\/#primaryimage\",\"url\":\"https:\/\/forma5.com\/wp-content\/uploads\/cruz_roja.jpg\",\"contentUrl\":\"https:\/\/forma5.com\/wp-content\/uploads\/cruz_roja.jpg\",\"width\":1500,\"height\":853},{\"@type\":\"BreadcrumbList\",\"@id\":\"https:\/\/forma5.com\/fr\/projects\/bureaux\/croix-rouge\/#breadcrumb\",\"itemListElement\":[{\"@type\":\"ListItem\",\"position\":1,\"name\":\"Portada\",\"item\":\"https:\/\/forma5.com\/fr\/\"},{\"@type\":\"ListItem\",\"position\":2,\"name\":\"Croix Rouge\"}]},{\"@type\":\"WebSite\",\"@id\":\"https:\/\/forma5.com\/fr\/#website\",\"url\":\"https:\/\/forma5.com\/fr\/\",\"name\":\"Forma 5\",\"description\":\"\",\"publisher\":{\"@id\":\"https:\/\/forma5.com\/fr\/#organization\"},\"potentialAction\":[{\"@type\":\"SearchAction\",\"target\":{\"@type\":\"EntryPoint\",\"urlTemplate\":\"https:\/\/forma5.com\/fr\/?s={search_term_string}\"},\"query-input\":{\"@type\":\"PropertyValueSpecification\",\"valueRequired\":true,\"valueName\":\"search_term_string\"}}],\"inLanguage\":\"fr-FR\"},{\"@type\":\"Organization\",\"@id\":\"https:\/\/forma5.com\/fr\/#organization\",\"name\":\"Forma 5\",\"url\":\"https:\/\/forma5.com\/fr\/\",\"logo\":{\"@type\":\"ImageObject\",\"inLanguage\":\"fr-FR\",\"@id\":\"https:\/\/forma5.com\/fr\/#\/schema\/logo\/image\/\",\"url\":\"https:\/\/forma5.com\/wp-content\/uploads\/cropped-Logo-2D-Forma-5_BLACK.png\",\"contentUrl\":\"https:\/\/forma5.com\/wp-content\/uploads\/cropped-Logo-2D-Forma-5_BLACK.png\",\"width\":1129,\"height\":225,\"caption\":\"Forma 5\"},\"image\":{\"@id\":\"https:\/\/forma5.com\/fr\/#\/schema\/logo\/image\/\"}}]}<\/script>\n<!-- \/ Yoast SEO plugin. -->","yoast_head_json":{"title":"\u25b6 Projet de bureau de la Croix-Rouge - Groupe Forma 5","description":"D\u00e9couvrez le projet de mobilier de bureau de la Croix-Rouge. Des solutions fonctionnelles et sur mesure. Cliquez ici pour voir le projet complet !","robots":{"index":"index","follow":"follow","max-snippet":"max-snippet:-1","max-image-preview":"max-image-preview:large","max-video-preview":"max-video-preview:-1"},"canonical":"https:\/\/forma5.com\/fr\/projects\/bureaux\/croix-rouge\/","og_locale":"fr_FR","og_type":"article","og_title":"\u25b6 Projet de bureau de la Croix-Rouge - Groupe Forma 5","og_description":"D\u00e9couvrez le projet de mobilier de bureau de la Croix-Rouge. Des solutions fonctionnelles et sur mesure. Cliquez ici pour voir le projet complet !","og_url":"https:\/\/forma5.com\/fr\/projects\/bureaux\/croix-rouge\/","og_site_name":"Forma 5","article_modified_time":"2025-02-24T16:47:15+00:00","og_image":[{"width":1500,"height":853,"url":"https:\/\/forma5.com\/wp-content\/uploads\/cruz_roja.jpg","type":"image\/jpeg"}],"twitter_card":"summary_large_image","twitter_misc":{"Dur\u00e9e de lecture estim\u00e9e":"1 minute"},"schema":{"@context":"https:\/\/schema.org","@graph":[{"@type":"WebPage","@id":"https:\/\/forma5.com\/fr\/projects\/bureaux\/croix-rouge\/","url":"https:\/\/forma5.com\/fr\/projects\/bureaux\/croix-rouge\/","name":"\u25b6 Projet de bureau de la Croix-Rouge - Groupe Forma 5","isPartOf":{"@id":"https:\/\/forma5.com\/fr\/#website"},"primaryImageOfPage":{"@id":"https:\/\/forma5.com\/fr\/projects\/bureaux\/croix-rouge\/#primaryimage"},"image":{"@id":"https:\/\/forma5.com\/fr\/projects\/bureaux\/croix-rouge\/#primaryimage"},"thumbnailUrl":"https:\/\/forma5.com\/wp-content\/uploads\/cruz_roja.jpg","datePublished":"2024-04-05T08:04:49+00:00","dateModified":"2025-02-24T16:47:15+00:00","description":"D\u00e9couvrez le projet de mobilier de bureau de la Croix-Rouge. Des solutions fonctionnelles et sur mesure. Cliquez ici pour voir le projet complet !","breadcrumb":{"@id":"https:\/\/forma5.com\/fr\/projects\/bureaux\/croix-rouge\/#breadcrumb"},"inLanguage":"fr-FR","potentialAction":[{"@type":"ReadAction","target":["https:\/\/forma5.com\/fr\/projects\/bureaux\/croix-rouge\/"]}]},{"@type":"ImageObject","inLanguage":"fr-FR","@id":"https:\/\/forma5.com\/fr\/projects\/bureaux\/croix-rouge\/#primaryimage","url":"https:\/\/forma5.com\/wp-content\/uploads\/cruz_roja.jpg","contentUrl":"https:\/\/forma5.com\/wp-content\/uploads\/cruz_roja.jpg","width":1500,"height":853},{"@type":"BreadcrumbList","@id":"https:\/\/forma5.com\/fr\/projects\/bureaux\/croix-rouge\/#breadcrumb","itemListElement":[{"@type":"ListItem","position":1,"name":"Portada","item":"https:\/\/forma5.com\/fr\/"},{"@type":"ListItem","position":2,"name":"Croix Rouge"}]},{"@type":"WebSite","@id":"https:\/\/forma5.com\/fr\/#website","url":"https:\/\/forma5.com\/fr\/","name":"Forma 5","description":"","publisher":{"@id":"https:\/\/forma5.com\/fr\/#organization"},"potentialAction":[{"@type":"SearchAction","target":{"@type":"EntryPoint","urlTemplate":"https:\/\/forma5.com\/fr\/?s={search_term_string}"},"query-input":{"@type":"PropertyValueSpecification","valueRequired":true,"valueName":"search_term_string"}}],"inLanguage":"fr-FR"},{"@type":"Organization","@id":"https:\/\/forma5.com\/fr\/#organization","name":"Forma 5","url":"https:\/\/forma5.com\/fr\/","logo":{"@type":"ImageObject","inLanguage":"fr-FR","@id":"https:\/\/forma5.com\/fr\/#\/schema\/logo\/image\/","url":"https:\/\/forma5.com\/wp-content\/uploads\/cropped-Logo-2D-Forma-5_BLACK.png","contentUrl":"https:\/\/forma5.com\/wp-content\/uploads\/cropped-Logo-2D-Forma-5_BLACK.png","width":1129,"height":225,"caption":"Forma 5"},"image":{"@id":"https:\/\/forma5.com\/fr\/#\/schema\/logo\/image\/"}}]}},"_links":{"self":[{"href":"https:\/\/forma5.com\/fr\/wp-json\/wp\/v2\/proyectos\/4872","targetHints":{"allow":["GET"]}}],"collection":[{"href":"https:\/\/forma5.com\/fr\/wp-json\/wp\/v2\/proyectos"}],"about":[{"href":"https:\/\/forma5.com\/fr\/wp-json\/wp\/v2\/types\/proyectos"}],"wp:featuredmedia":[{"embeddable":true,"href":"https:\/\/forma5.com\/fr\/wp-json\/wp\/v2\/media\/4873"}],"wp:attachment":[{"href":"https:\/\/forma5.com\/fr\/wp-json\/wp\/v2\/media?parent=4872"}],"wp:term":[{"taxonomy":"categoria-proyectos","embeddable":true,"href":"https:\/\/forma5.com\/fr\/wp-json\/wp\/v2\/categoria-proyectos?post=4872"}],"curies":[{"name":"wp","href":"https:\/\/api.w.org\/{rel}","templated":true}]}}

<p>Projet d’aménagement complet des bureaux de <strong>La Croix Rouge</strong> à Vélez (Málaga) en mobilier Forma 5, de la main du cabinet d’architecture « Endosdedos ».</p><p>Un <strong>nouvel</strong> espace conçu en <strong>reprenant la colorimétrie du logo de La Croix Rouge</strong>. Les chaises de collectivité Glove répondent au besoin de flexibilité des espaces aménagés avec les <strong>tables abattables</strong> Travel. Logos, Sentis, V30, Cappa, et les Rangements, composent des ensemblesharmonieux, lumineux et dynamisants.</p>

<!-- This site is optimized with the Yoast SEO plugin v25.2 - https://yoast.com/wordpress/plugins/seo/ -->
<title>▶ Projet de bureau de la Croix-Rouge - Groupe Forma 5</title>
<meta name="description" content="Découvrez le projet de mobilier de bureau de la Croix-Rouge. Des solutions fonctionnelles et sur mesure. Cliquez ici pour voir le projet complet !" />
<meta name="robots" content="index, follow, max-snippet:-1, max-image-preview:large, max-video-preview:-1" />
<link rel="canonical" href="https://forma5.com/fr/projects/bureaux/croix-rouge/" />
<meta property="og:locale" content="fr_FR" />
<meta property="og:type" content="article" />
<meta property="og:title" content="▶ Projet de bureau de la Croix-Rouge - Groupe Forma 5" />
<meta property="og:description" content="Découvrez le projet de mobilier de bureau de la Croix-Rouge. Des solutions fonctionnelles et sur mesure. Cliquez ici pour voir le projet complet !" />
<meta property="og:url" content="https://forma5.com/fr/projects/bureaux/croix-rouge/" />
<meta property="og:site_name" content="Forma 5" />
<meta property="article:modified_time" content="2025-02-24T16:47:15+00:00" />
<meta property="og:image" content="https://forma5.com/wp-content/uploads/cruz_roja.jpg" />
	<meta property="og:image:width" content="1500" />
	<meta property="og:image:height" content="853" />
	<meta property="og:image:type" content="image/jpeg" />
<meta name="twitter:card" content="summary_large_image" />
<meta name="twitter:label1" content="Durée de lecture estimée" />
	<meta name="twitter:data1" content="1 minute" />
<script type="application/ld+json" class="yoast-schema-graph">{"@context":"https://schema.org","@graph":[{"@type":"WebPage","@id":"https://forma5.com/fr/projects/bureaux/croix-rouge/","url":"https://forma5.com/fr/projects/bureaux/croix-rouge/","name":"▶ Projet de bureau de la Croix-Rouge - Groupe Forma 5","isPartOf":{"@id":"https://forma5.com/fr/#website"},"primaryImageOfPage":{"@id":"https://forma5.com/fr/projects/bureaux/croix-rouge/#primaryimage"},"image":{"@id":"https://forma5.com/fr/projects/bureaux/croix-rouge/#primaryimage"},"thumbnailUrl":"https://forma5.com/wp-content/uploads/cruz_roja.jpg","datePublished":"2024-04-05T08:04:49+00:00","dateModified":"2025-02-24T16:47:15+00:00","description":"Découvrez le projet de mobilier de bureau de la Croix-Rouge. Des solutions fonctionnelles et sur mesure. Cliquez ici pour voir le projet complet !","breadcrumb":{"@id":"https://forma5.com/fr/projects/bureaux/croix-rouge/#breadcrumb"},"inLanguage":"fr-FR","potentialAction":[{"@type":"ReadAction","target":["https://forma5.com/fr/projects/bureaux/croix-rouge/"]}]},{"@type":"ImageObject","inLanguage":"fr-FR","@id":"https://forma5.com/fr/projects/bureaux/croix-rouge/#primaryimage","url":"https://forma5.com/wp-content/uploads/cruz_roja.jpg","contentUrl":"https://forma5.com/wp-content/uploads/cruz_roja.jpg","width":1500,"height":853},{"@type":"BreadcrumbList","@id":"https://forma5.com/fr/projects/bureaux/croix-rouge/#breadcrumb","itemListElement":[{"@type":"ListItem","position":1,"name":"Portada","item":"https://forma5.com/fr/"},{"@type":"ListItem","position":2,"name":"Croix Rouge"}]},{"@type":"WebSite","@id":"https://forma5.com/fr/#website","url":"https://forma5.com/fr/","name":"Forma 5","description":"","publisher":{"@id":"https://forma5.com/fr/#organization"},"potentialAction":[{"@type":"SearchAction","target":{"@type":"EntryPoint","urlTemplate":"https://forma5.com/fr/?s={search_term_string}"},"query-input":{"@type":"PropertyValueSpecification","valueRequired":true,"valueName":"search_term_string"}}],"inLanguage":"fr-FR"},{"@type":"Organization","@id":"https://forma5.com/fr/#organization","name":"Forma 5","url":"https://forma5.com/fr/","logo":{"@type":"ImageObject","inLanguage":"fr-FR","@id":"https://forma5.com/fr/#/schema/logo/image/","url":"https://forma5.com/wp-content/uploads/cropped-Logo-2D-Forma-5_BLACK.png","contentUrl":"https://forma5.com/wp-content/uploads/cropped-Logo-2D-Forma-5_BLACK.png","width":1129,"height":225,"caption":"Forma 5"},"image":{"@id":"https://forma5.com/fr/#/schema/logo/image/"}}]}</script>
<!-- / Yoast SEO plugin. -->

Découvrez le projet de mobilier de bureau de la Croix-Rouge. Des solutions fonctionnelles et sur mesure. Cliquez ici pour voir le projet complet !
